hat is -1554717 + 15?
-1554702
In base 12, what is 5213 + -9624?
-4411
In base 9, what is 23248427 + 2?
23248430
In base 2, what is -101110010000 + 11110011000?
-1111111000
In base 10, what is 163 + -548762?
-548599
In base 2, what is -100110101111110010100011 - 1?
-100110101111110010100100
In base 4, what is 32320 - 1012002?
-313022
In base 4, what is 10333213300 + 13?
10333213313
In base 10, what is 4 + 5162684?
5162688
In base 2, what is 1110010100100 + 1111000111101?
11101011100001
In base 16, what is 19d182 + 4?
19d186
In base 12, what is -34 - -130b80?
130b48
In base 11, what is -833 - 2876?
-35a9
In base 10, what is 13 + 42016430?
42016443
In base 8, what is -2271600 - -135?
-2271443
In base 4, what is 20 + -210201121121?
-210201121101
In base 8, what is -12 - 17357747?
-17357761
In base 5, what is 131301200 - 1223?
131244422
In base 15, what is 4 + -e1706?
-e1702
In base 15, what is -d8 - -70b?
623
In base 5, what is 10 - 20000241104?
-20000241044
In base 6, what is 33053335510 - 4?
33053335502
In base 2, what is -100 + -1001000101010000011011?
-1001000101010000011111
In base 14, what is 96bb4b + -3?
96bb48
In base 12, what is 5 + 1167372?
1167377
In base 3, what is -101122002220 - -2010?
-101122000210
In base 14, what is -11 - 115?
-126
In base 13, what is 1402118 + -43?
14020a5
In base 9, what is 17 + 37167875?
37168003
In base 16, what is 456 + -62b4?
-5e5e
In base 11, what is 1029a - 12?
10288
In base 2, what is -1111110 - -11011001011001011110?
11011001010111100000
In base 15, what is 37c4 + eaa4?
13378
In base 9, what is 33 - 386830?
-386786
In base 4, what is -2031210230123 - -11?
-2031210230112
In base 11, what is 5647128 - 0?
5647128
In base 12, what is 10ba - 1374?
-276
In base 15, what is 101464 + -5?
10145e
In base 14, what is -3805 + 184b?
-1d98
In base 16, what is -2b22e - 2d7?
-2b505
In base 13, what is -252a0 + 17?
-25286
In base 4, what is -120133301210201 - 2?
-120133301210203
In base 6, what is -4 - -4054035132?
4054035124
In base 11, what is 1516869 - -8?
1516876
In base 8, what is 6545101 - 2?
6545077
In base 14, what is -794d9b + 5?
-794d96
In base 8, what is -12657165 + 213?
-12656752
In base 6, what is -3041521 - 21543?
-3103504
In base 3, what is -11112112101 + -1100122?
-11120220000
In base 9, what is -177244 + -6?
-177251
In base 4, what is 113 - -1021133131?
1021133310
In base 16, what is 3e - -15bc?
15fa
In base 8, what is -2 - 132414014?
-132414016
In base 6, what is -34 - -200121344?
200121310
In base 9, what is -77281804 + 4?
-77281800
In base 13, what is -9 + -8b6a42?
-8b6a4b
In base 3, what is -1001021120 + -1222010?
-1010020200
In base 10, what is 5 + 13679045?
13679050
In base 4, what is 33110120 - 2332212?
30111302
In base 3, what is -2220010112022121222 + 10?
-2220010112022121212
In base 7, what is -3 + 1036221?
1036215
In base 4, what is -32230322 - -3021?
-32221301
In base 15, what is -4 - 7cd5dd?
-7cd5e2
In base 11, what is -2353523 + -34?
-2353557
In base 11, what is -164 - -3285?
3121
In base 14, what is 11d0a - 65?
11c85
In base 6, what is 2555044050 + 0?
2555044050
In base 16, what is b32db + -4?
b32d7
In base 9, what is 72 - 7442100?
-7442017
In base 6, what is -51 + -214542004?
-214542055
In base 10, what is 20479245 + 4?
20479249
In base 9, what is 113232264 - -1?
113232265
In base 15, what is -310448a - 0?
-310448a
In base 8, what is 363410236 + -31?
363410205
In base 10, what is 11 - 1057925?
-1057914
In base 3, what is 2101222102101 + 2?
2101222102110
In base 7, what is -1340424 + -21?
-1340445
In base 14, what is -73cdb6b + -b?
-73cdb78
In base 15, what is -3 + -c39865?
-c39868
In base 13, what is -15c4a702 + 5?
-15c4a6ca
In base 11, what is 45382 - -98?
4546a
In base 13, what is -5 - 82a0816?
-82a081b
In base 9, what is -224552 - 534?
-225186
In base 16, what is -d5b01a - -14?
-d5b006
In base 10, what is 372173 + 18?
372191
In base 6, what is 25544511 + -143?
25544324
In base 16, what is 410 + 141?
551
In base 4, what is 120131331 - 10?
120131321
In base 3, what is 12021001222101011 + 12?
12021001222101100
In base 15, what is 11041 + -89?
10ea7
In base 16, what is -4 - 601b0bb?
-601b0bf
In base 11, what is 297 + -73554?
-73268
In base 15, what is -5196 - -7a?
-511b
In base 16, what is -3 + -c6781?
-c6784
In base 13, what is 5 + -3a4374?
-3a436c
In base 4, what is -1122320 - 2010130?
-3133110
In base 9, what is 706588517 - 5?
706588512
In base 13, what is 98c72 + 14?
98c86
In base 13, what is -1a4760 + 4?
-1a4759
In base 2, what is -100 + -1000000101110011100010110?
-1000000101110011100011010
In base 16, what is 18e + -7ae?
-620
In base 16, what is -5 - -1c3ebce?
1c3ebc9
In base 9, what is 170665 - 13?
170652
In base 9, what is -273555 + -246?
-273812
In base 4, what is -102011 - 23032132?
-23200203
In base 6, what is -4 - -154442221?
154442213
In base 10, what is -1679916 - 9?
-1679925
In base 16, what is -4 - 4e0b45?
-4e0b49
In base 7, what is -34 + -2046353?
-2046420
In base 11, what is 7 - a4a146?
-a4a13a
In base 5, what is -3 + -12010414041?
-12010414044
In base 3, what is -210202122 - 2202222?
-220112121
In base 6, what is -5 - -110153555?
110153550
In base 9, what is 45 - -35375?
35431
In base 16, what is -17 - 5eb838?
-5eb84f
In base 2, what is 11000 + 1111000111110011101010?
1111000111110100000010
In base 12, what is -a59777 + -ab?
-a59866
In base 9, what is -36 - 8503565?
-8503612
In base 6, what is -123304322 - 2030?
-123310352
In base 14, what is -1d80 - -3c52?
1cb2
In base 15, what is 3bb - a272?
-9da6
In base 2, what is 1110010000011000 + -1001100?
1110001111001100
In base 4, what is 132233221101 - -10?
132233221111
In base 3, what is -10112102222100102 - -11?
-10112102222100021
In base 9, what is 21557 - -2442?
24110
In base 3, what is -1022001120 + 212202?
-1021011211
In base 10, what is 1 + 145057657?
145057658
In base 3, what is -22002001 - 122212222?
-221222000
In base 11, what is 170 + 547962?
548022
In base 2, what is 100100110000100100111 - 1000010?
100100110000011100101
In base 6, what is -24515 - -43013?
14054
In base 8, what is -175635 + -23010?
-220645
In base 9, what is -14 + 333380?
333365
In base 6, what is -4 - 5140154011?
-5140154015
In base 13, what is 6 - 12435006?
-12435000
In base 13, what is -10b9a79 + 5?
-10b9a74
In base 3, what is 2122200120 - -112001?
2200012121
In base 3, what is 10001120 - -200202000?
210210120
In base 7, what is 10 - 243410550?
-243410540
In base 13, what is 3c4a41 + -2?
3c4a3c
In base 10, what is 2 + -5788061?
-5788059
In base 3, what is -1 - -1211220102012?
1211220102011
In base 14, what is -107ac - 101?
-108ad
In base 16, what is -3771f8f0 + 3?
-3771f8ed
In base 15, what is -22bd0 + -1a20?
-24700
In base 4, what is 20301011012101 + -1?
20301011012100
In base 2, what is -1100111100100010 - -11?
-1100111100011111
In base 13, what is 6534 - -20?
6554
In base 16, what is 17 + -2e46bd?
-2e46a6
In base 7, what is 111 + -56401?
-56260
In base 16, what is -11f1 + 1dc6d?
1ca7c
In base 10, what is -3981973 + -252?
-3982225
In base 10, what is 473689 - -212?
473901
In base 12, what is 2 + -29bb36?
-29bb34
In base 6, what is -243512303 + 3?
-243512300
In base 6, what is 3101 - 425501?
-422400
In base 9, what is -3423 + 6651?
3227
In base 15, what is c7aa - -683?
ce3d
In base 15, what is -1cc5da - -54?
-1cc586
In base 9, what is -3634763 - 2?
-3634765
In base 3, what is 2 + -11020101211210?
-11020101211201
In base 12, what is -11b + b6b86?
b6a67
In base 11, what is -2510 + -a2576?
-a4a86
In base 13, what is -4 + 17aa67?
17aa63
In base 16, what is 92d83 + -7d?
92d06
In base 9, what is 13110675 - -1?
13110676
In base 10, what is -2 + -59609130?
-59609132
In base 7, what is -112456552 + 3?
-112456546
In base 6, what is 1212545130 - -2?
1212545132
In base 6, what is 11413 - -2150221?
2202034
In base 4, what is -1333 + -20110130301?
-20110132300
In base 8, what is -533453241 - 7?
-533453250
In base 2, what is -111100110010100110010110 - 10?
-111100110010100110011000
In base 12, what is 6272803 + 1?
6272804
In base 5, what is -330402111 - 10?
-330402121
In base 10, what is 5 - -44201627?
44201632
In base 11, what is 65778315 - 5?
65778310
In base 14, what is -bb + -2bb89?
-2bc66
In base 3, what is 21011 + -21002112200100?
-21002112102012